{"id":132,"date":"2026-04-06T02:46:20","date_gmt":"2026-04-06T02:46:20","guid":{"rendered":"https:\/\/www.poscosechacacao.com\/?page_id=132"},"modified":"2026-04-06T04:26:33","modified_gmt":"2026-04-06T04:26:33","slug":"contacto","status":"publish","type":"page","link":"https:\/\/www.poscosechacacao.com\/index.php\/contacto\/","title":{"rendered":"Contacto"},"content":{"rendered":"\n<p><strong>\u00a1Con\u00e9ctate con el m\u00e1gico mundo del cacao!<\/strong><\/p>\n\n\n\n<p>En este blog compartimos conocimientos, experiencias y pasi\u00f3n por el cacao y el chocolate, desde los valles costeros de Aragua, Venezuela, hasta cualquier rinc\u00f3n del mundo donde haya un alma curiosa por aprender.<\/p>\n\n\n\n<p>Si eres productor, procesador, artesano, investigador, estudiante, comercializador o simplemente un amante del buen chocolate, aqu\u00ed tienes un espacio para el di\u00e1logo y el intercambio de saberes.<\/p>\n\n\n\n<p><strong>Puedes escribirnos para:<\/strong><\/p>\n\n\n\n<ul class=\"wp-block-list\">\n<li>Compartir tus experiencias o iniciativas entorno al cacao.<\/li>\n\n\n\n<li>Hacer consultas o sugerencias sobre el manejo poscosecha.<\/li>\n\n\n\n<li>Colaborar con proyectos socioproductivos o de investigaci\u00f3n.<\/li>\n\n\n\n<li>Establecer alianzas o redes de trabajo.<\/li>\n\n\n\n<li>Simplemente, para conversar sobre cacao y chocolate.<\/li>\n<\/ul>\n\n\n\n<hr class=\"wp-block-separator has-alpha-channel-opacity\"\/>\n\n\n\n<h3 class=\"wp-block-heading\">\ud83d\udce7 Correo electr\u00f3nico:<\/h3>\n\n\n\n<p>poscosechacacao@gmail.com<\/p>\n\n\n\n<hr class=\"wp-block-separator has-alpha-channel-opacity\"\/>\n\n\n\n<h3 class=\"wp-block-heading\">\ud83c\udf10 S\u00edguenos y cont\u00e1ctanos en redes sociales:<\/h3>\n\n\n\n<figure class=\"wp-block-table aligncenter\"><table class=\"has-fixed-layout\"><thead><tr><th class=\"has-text-align-left\" data-align=\"left\">Red Social<\/th><th class=\"has-text-align-left\" data-align=\"left\">Usuario \/ Enlace<\/th><\/tr><\/thead><tbody><tr><td>\ud83d\udd17&nbsp;<strong>LinkedIn<\/strong><\/td><td><a href=\"https:\/\/linkedin.com\/in\/tuusuario\" target=\"_blank\" rel=\"noreferrer noopener\">linkedin.com\/in\/jrnogales1971<\/a><\/td><\/tr><tr><td>\ud83d\udcd8&nbsp;<strong>Facebook<\/strong><\/td><td><a href=\"https:\/\/www.facebook.com\/poscosechacacao\">facebook.com\/poscosechacacao<\/a><\/td><\/tr><tr><td>\ud83d\udcf7&nbsp;<strong>Instagram<\/strong><\/td><td><a href=\"https:\/\/www.instagram.com\/poscosechacacao\/\">instagram.com\/poscosechacacao\/<\/a><\/td><\/tr><tr><td>\ud83d\udc26&nbsp;<strong>X (Twitter)<\/strong><\/td><td><a href=\"https:\/\/x.com\/poscosechacacao\">x.com\/poscosechacacao<\/a><\/td><\/tr><\/tbody><\/table><\/figure>\n\n\n\n<hr class=\"wp-block-separator has-alpha-channel-opacity\"\/>\n\n\n\n<h3 class=\"wp-block-heading\">\ud83d\udccd Desde:<\/h3>\n\n\n\n<p>Maracay \u2013 Venezuela, tierra del cacao de Cumboto, Ocumare, Cata, Cuyagua, Choron\u00ed y Chuao.<\/p>\n","protected":false},"excerpt":{"rendered":"<p>\u00a1Con\u00e9ctate con el m\u00e1gico mundo del cacao! En este blog compartimos conocimientos, experiencias y pasi\u00f3n por el cacao y el<\/p>\n","protected":false},"author":1,"featured_media":0,"parent":0,"menu_order":0,"comment_status":"open","ping_status":"closed","template":"","meta":{"footnotes":""},"class_list":["post-132","page","type-page","status-publish","hentry"],"_links":{"self":[{"href":"https:\/\/www.poscosechacacao.com\/index.php\/wp-json\/wp\/v2\/pages\/132","targetHints":{"allow":["GET"]}}],"collection":[{"href":"https:\/\/www.poscosechacacao.com\/index.php\/wp-json\/wp\/v2\/pages"}],"about":[{"href":"https:\/\/www.poscosechacacao.com\/index.php\/wp-json\/wp\/v2\/types\/page"}],"author":[{"embeddable":true,"href":"https:\/\/www.poscosechacacao.com\/index.php\/wp-json\/wp\/v2\/users\/1"}],"replies":[{"embeddable":true,"href":"https:\/\/www.poscosechacacao.com\/index.php\/wp-json\/wp\/v2\/comments?post=132"}],"version-history":[{"count":6,"href":"https:\/\/www.poscosechacacao.com\/index.php\/wp-json\/wp\/v2\/pages\/132\/revisions"}],"predecessor-version":[{"id":156,"href":"https:\/\/www.poscosechacacao.com\/index.php\/wp-json\/wp\/v2\/pages\/132\/revisions\/156"}],"wp:attachment":[{"href":"https:\/\/www.poscosechacacao.com\/index.php\/wp-json\/wp\/v2\/media?parent=132"}],"curies":[{"name":"wp","href":"https:\/\/api.w.org\/{rel}","templated":true}]}}